{"id":3003,"date":"2020-07-22T13:12:30","date_gmt":"2020-07-22T11:12:30","guid":{"rendered":"https:\/\/tiarvro-bro-gwened.bzh\/salle\/sal-nevez-amzer\/"},"modified":"2020-09-03T16:52:54","modified_gmt":"2020-09-03T14:52:54","slug":"sal-nevez-amzer","status":"publish","type":"salle","link":"https:\/\/tiarvro-bro-gwened.bzh\/br\/salle\/sal-nevez-amzer\/","title":{"rendered":"Sal Nevez-Amzer"},"content":{"rendered":"<p>Lorem ipsum dolor sit amet, consectetur adipiscing elit, sed do eiusmod tempor incididunt ut labore et dolore magna aliqua. Ut enim ad minim veniam, quis nostrud exercitation ullamco laboris nisi ut aliquip ex ea commodo consequat.<\/p>\n","protected":false},"excerpt":{"rendered":"<p>Lorem ipsum dolor sit amet, consectetur adipiscing elit, sed do eiusmod tempor incididunt ut labore et dolore magna aliqua. Ut enim ad minim veniam, quis nostrud exercitation ullamco laboris nisi ut aliquip ex ea commodo consequat.<\/p>\n","protected":false},"featured_media":3004,"template":"","class_list":["post-3003","salle","type-salle","status-publish","has-post-thumbnail","hentry"],"acf":[],"yoast_head":"<!-- This site is optimized with the Yoast SEO plugin v26.9 - https:\/\/yoast.com\/product\/yoast-seo-wordpress\/ -->\n<title>Sal Nevez-Amzer - Ti ar Vro Bro Gwened<\/title>\n<meta name=\"description\" content=\"Vous recherchez des salles \u00e0 louer au centre-ville de Vannes ? Ti ar vro propose des salles des r\u00e9unions et un amphith\u00e9\u00e2tre de 200 places. Contactez-nous !\" \/>\n<meta name=\"robots\" content=\"index, follow, max-snippet:-1, max-image-preview:large, max-video-preview:-1\" \/>\n<link rel=\"canonical\" href=\"https:\/\/tiarvro-bro-gwened.bzh\/br\/salle\/sal-nevez-amzer\/\" \/>\n<meta property=\"og:locale\" content=\"en_US\" \/>\n<meta property=\"og:type\" content=\"article\" \/>\n<meta property=\"og:title\" content=\"Sal Nevez-Amzer - Ti ar Vro Bro Gwened\" \/>\n<meta property=\"og:description\" content=\"Vous recherchez des salles \u00e0 louer au centre-ville de Vannes ? Ti ar vro propose des salles des r\u00e9unions et un amphith\u00e9\u00e2tre de 200 places. Contactez-nous !\" \/>\n<meta property=\"og:url\" content=\"https:\/\/tiarvro-bro-gwened.bzh\/br\/salle\/sal-nevez-amzer\/\" \/>\n<meta property=\"og:site_name\" content=\"Ti ar Vro Bro Gwened\" \/>\n<meta property=\"article:modified_time\" content=\"2020-09-03T14:52:54+00:00\" \/>\n<meta property=\"og:image\" content=\"https:\/\/tiarvro-bro-gwened.bzh\/wp-content\/uploads\/2020\/06\/Salle-Nevez-Amzer-1-scaled.jpg\" \/>\n\t<meta property=\"og:image:width\" content=\"2560\" \/>\n\t<meta property=\"og:image:height\" content=\"1381\" \/>\n\t<meta property=\"og:image:type\" content=\"image\/jpeg\" \/>\n<meta name=\"twitter:card\" content=\"summary_large_image\" \/>\n<script type=\"application\/ld+json\" class=\"yoast-schema-graph\">{\"@context\":\"https:\/\/schema.org\",\"@graph\":[{\"@type\":\"WebPage\",\"@id\":\"https:\/\/tiarvro-bro-gwened.bzh\/br\/salle\/sal-nevez-amzer\/\",\"url\":\"https:\/\/tiarvro-bro-gwened.bzh\/br\/salle\/sal-nevez-amzer\/\",\"name\":\"Sal Nevez-Amzer - Ti ar Vro Bro Gwened\",\"isPartOf\":{\"@id\":\"https:\/\/tiarvro-bro-gwened.bzh\/br\/#website\"},\"primaryImageOfPage\":{\"@id\":\"https:\/\/tiarvro-bro-gwened.bzh\/br\/salle\/sal-nevez-amzer\/#primaryimage\"},\"image\":{\"@id\":\"https:\/\/tiarvro-bro-gwened.bzh\/br\/salle\/sal-nevez-amzer\/#primaryimage\"},\"thumbnailUrl\":\"https:\/\/tiarvro-bro-gwened.bzh\/wp-content\/uploads\/2020\/06\/Salle-Nevez-Amzer-1-scaled.jpg\",\"datePublished\":\"2020-07-22T11:12:30+00:00\",\"dateModified\":\"2020-09-03T14:52:54+00:00\",\"description\":\"Vous recherchez des salles \u00e0 louer au centre-ville de Vannes ? Ti ar vro propose des salles des r\u00e9unions et un amphith\u00e9\u00e2tre de 200 places. Contactez-nous !\",\"breadcrumb\":{\"@id\":\"https:\/\/tiarvro-bro-gwened.bzh\/br\/salle\/sal-nevez-amzer\/#breadcrumb\"},\"inLanguage\":\"br-\",\"potentialAction\":[{\"@type\":\"ReadAction\",\"target\":[\"https:\/\/tiarvro-bro-gwened.bzh\/br\/salle\/sal-nevez-amzer\/\"]}]},{\"@type\":\"ImageObject\",\"inLanguage\":\"br-\",\"@id\":\"https:\/\/tiarvro-bro-gwened.bzh\/br\/salle\/sal-nevez-amzer\/#primaryimage\",\"url\":\"https:\/\/tiarvro-bro-gwened.bzh\/wp-content\/uploads\/2020\/06\/Salle-Nevez-Amzer-1-scaled.jpg\",\"contentUrl\":\"https:\/\/tiarvro-bro-gwened.bzh\/wp-content\/uploads\/2020\/06\/Salle-Nevez-Amzer-1-scaled.jpg\",\"width\":2560,\"height\":1381,\"caption\":\"Sal Nevez-Amzer da feurmi\u00f1 e kreiz-k\u00ear Gwened (foto 1)\"},{\"@type\":\"BreadcrumbList\",\"@id\":\"https:\/\/tiarvro-bro-gwened.bzh\/br\/salle\/sal-nevez-amzer\/#breadcrumb\",\"itemListElement\":[{\"@type\":\"ListItem\",\"position\":1,\"name\":\"Degemer\",\"item\":\"https:\/\/tiarvro-bro-gwened.bzh\/br\/\"},{\"@type\":\"ListItem\",\"position\":2,\"name\":\"Salio\u00f9\",\"item\":\"https:\/\/tiarvro-bro-gwened.bzh\/br\/salle\/\"},{\"@type\":\"ListItem\",\"position\":3,\"name\":\"Sal Nevez-Amzer\"}]},{\"@type\":\"WebSite\",\"@id\":\"https:\/\/tiarvro-bro-gwened.bzh\/br\/#website\",\"url\":\"https:\/\/tiarvro-bro-gwened.bzh\/br\/\",\"name\":\"Ti ar Vro Bro Gwened\",\"description\":\"Entente du Pays de Vannes\",\"publisher\":{\"@id\":\"https:\/\/tiarvro-bro-gwened.bzh\/br\/#organization\"},\"potentialAction\":[{\"@type\":\"SearchAction\",\"target\":{\"@type\":\"EntryPoint\",\"urlTemplate\":\"https:\/\/tiarvro-bro-gwened.bzh\/br\/?s={search_term_string}\"},\"query-input\":{\"@type\":\"PropertyValueSpecification\",\"valueRequired\":true,\"valueName\":\"search_term_string\"}}],\"inLanguage\":\"br-\"},{\"@type\":\"Organization\",\"@id\":\"https:\/\/tiarvro-bro-gwened.bzh\/br\/#organization\",\"name\":\"Ti ar Vro Bro Gwened\",\"url\":\"https:\/\/tiarvro-bro-gwened.bzh\/br\/\",\"logo\":{\"@type\":\"ImageObject\",\"inLanguage\":\"br-\",\"@id\":\"https:\/\/tiarvro-bro-gwened.bzh\/br\/#\/schema\/logo\/image\/\",\"url\":\"https:\/\/tiarvro-bro-gwened.bzh\/wp-content\/uploads\/2020\/04\/cropped-LOGO-COULEUR-0200.png\",\"contentUrl\":\"https:\/\/tiarvro-bro-gwened.bzh\/wp-content\/uploads\/2020\/04\/cropped-LOGO-COULEUR-0200.png\",\"width\":199,\"height\":99,\"caption\":\"Ti ar Vro Bro Gwened\"},\"image\":{\"@id\":\"https:\/\/tiarvro-bro-gwened.bzh\/br\/#\/schema\/logo\/image\/\"}}]}<\/script>\n<!-- \/ Yoast SEO plugin. -->","yoast_head_json":{"title":"Sal Nevez-Amzer - Ti ar Vro Bro Gwened","description":"Vous recherchez des salles \u00e0 louer au centre-ville de Vannes ? Ti ar vro propose des salles des r\u00e9unions et un amphith\u00e9\u00e2tre de 200 places. Contactez-nous !","robots":{"index":"index","follow":"follow","max-snippet":"max-snippet:-1","max-image-preview":"max-image-preview:large","max-video-preview":"max-video-preview:-1"},"canonical":"https:\/\/tiarvro-bro-gwened.bzh\/br\/salle\/sal-nevez-amzer\/","og_locale":"en_US","og_type":"article","og_title":"Sal Nevez-Amzer - Ti ar Vro Bro Gwened","og_description":"Vous recherchez des salles \u00e0 louer au centre-ville de Vannes ? Ti ar vro propose des salles des r\u00e9unions et un amphith\u00e9\u00e2tre de 200 places. Contactez-nous !","og_url":"https:\/\/tiarvro-bro-gwened.bzh\/br\/salle\/sal-nevez-amzer\/","og_site_name":"Ti ar Vro Bro Gwened","article_modified_time":"2020-09-03T14:52:54+00:00","og_image":[{"width":2560,"height":1381,"url":"https:\/\/tiarvro-bro-gwened.bzh\/wp-content\/uploads\/2020\/06\/Salle-Nevez-Amzer-1-scaled.jpg","type":"image\/jpeg"}],"twitter_card":"summary_large_image","schema":{"@context":"https:\/\/schema.org","@graph":[{"@type":"WebPage","@id":"https:\/\/tiarvro-bro-gwened.bzh\/br\/salle\/sal-nevez-amzer\/","url":"https:\/\/tiarvro-bro-gwened.bzh\/br\/salle\/sal-nevez-amzer\/","name":"Sal Nevez-Amzer - Ti ar Vro Bro Gwened","isPartOf":{"@id":"https:\/\/tiarvro-bro-gwened.bzh\/br\/#website"},"primaryImageOfPage":{"@id":"https:\/\/tiarvro-bro-gwened.bzh\/br\/salle\/sal-nevez-amzer\/#primaryimage"},"image":{"@id":"https:\/\/tiarvro-bro-gwened.bzh\/br\/salle\/sal-nevez-amzer\/#primaryimage"},"thumbnailUrl":"https:\/\/tiarvro-bro-gwened.bzh\/wp-content\/uploads\/2020\/06\/Salle-Nevez-Amzer-1-scaled.jpg","datePublished":"2020-07-22T11:12:30+00:00","dateModified":"2020-09-03T14:52:54+00:00","description":"Vous recherchez des salles \u00e0 louer au centre-ville de Vannes ? Ti ar vro propose des salles des r\u00e9unions et un amphith\u00e9\u00e2tre de 200 places. Contactez-nous !","breadcrumb":{"@id":"https:\/\/tiarvro-bro-gwened.bzh\/br\/salle\/sal-nevez-amzer\/#breadcrumb"},"inLanguage":"br-","potentialAction":[{"@type":"ReadAction","target":["https:\/\/tiarvro-bro-gwened.bzh\/br\/salle\/sal-nevez-amzer\/"]}]},{"@type":"ImageObject","inLanguage":"br-","@id":"https:\/\/tiarvro-bro-gwened.bzh\/br\/salle\/sal-nevez-amzer\/#primaryimage","url":"https:\/\/tiarvro-bro-gwened.bzh\/wp-content\/uploads\/2020\/06\/Salle-Nevez-Amzer-1-scaled.jpg","contentUrl":"https:\/\/tiarvro-bro-gwened.bzh\/wp-content\/uploads\/2020\/06\/Salle-Nevez-Amzer-1-scaled.jpg","width":2560,"height":1381,"caption":"Sal Nevez-Amzer da feurmi\u00f1 e kreiz-k\u00ear Gwened (foto 1)"},{"@type":"BreadcrumbList","@id":"https:\/\/tiarvro-bro-gwened.bzh\/br\/salle\/sal-nevez-amzer\/#breadcrumb","itemListElement":[{"@type":"ListItem","position":1,"name":"Degemer","item":"https:\/\/tiarvro-bro-gwened.bzh\/br\/"},{"@type":"ListItem","position":2,"name":"Salio\u00f9","item":"https:\/\/tiarvro-bro-gwened.bzh\/br\/salle\/"},{"@type":"ListItem","position":3,"name":"Sal Nevez-Amzer"}]},{"@type":"WebSite","@id":"https:\/\/tiarvro-bro-gwened.bzh\/br\/#website","url":"https:\/\/tiarvro-bro-gwened.bzh\/br\/","name":"Ti ar Vro Bro Gwened","description":"Entente du Pays de Vannes","publisher":{"@id":"https:\/\/tiarvro-bro-gwened.bzh\/br\/#organization"},"potentialAction":[{"@type":"SearchAction","target":{"@type":"EntryPoint","urlTemplate":"https:\/\/tiarvro-bro-gwened.bzh\/br\/?s={search_term_string}"},"query-input":{"@type":"PropertyValueSpecification","valueRequired":true,"valueName":"search_term_string"}}],"inLanguage":"br-"},{"@type":"Organization","@id":"https:\/\/tiarvro-bro-gwened.bzh\/br\/#organization","name":"Ti ar Vro Bro Gwened","url":"https:\/\/tiarvro-bro-gwened.bzh\/br\/","logo":{"@type":"ImageObject","inLanguage":"br-","@id":"https:\/\/tiarvro-bro-gwened.bzh\/br\/#\/schema\/logo\/image\/","url":"https:\/\/tiarvro-bro-gwened.bzh\/wp-content\/uploads\/2020\/04\/cropped-LOGO-COULEUR-0200.png","contentUrl":"https:\/\/tiarvro-bro-gwened.bzh\/wp-content\/uploads\/2020\/04\/cropped-LOGO-COULEUR-0200.png","width":199,"height":99,"caption":"Ti ar Vro Bro Gwened"},"image":{"@id":"https:\/\/tiarvro-bro-gwened.bzh\/br\/#\/schema\/logo\/image\/"}}]}},"_links":{"self":[{"href":"https:\/\/tiarvro-bro-gwened.bzh\/br\/wp-json\/wp\/v2\/salle\/3003","targetHints":{"allow":["GET"]}}],"collection":[{"href":"https:\/\/tiarvro-bro-gwened.bzh\/br\/wp-json\/wp\/v2\/salle"}],"about":[{"href":"https:\/\/tiarvro-bro-gwened.bzh\/br\/wp-json\/wp\/v2\/types\/salle"}],"wp:featuredmedia":[{"embeddable":true,"href":"https:\/\/tiarvro-bro-gwened.bzh\/br\/wp-json\/wp\/v2\/media\/3004"}],"wp:attachment":[{"href":"https:\/\/tiarvro-bro-gwened.bzh\/br\/wp-json\/wp\/v2\/media?parent=3003"}],"curies":[{"name":"wp","href":"https:\/\/api.w.org\/{rel}","templated":true}]}}

<!-- This site is optimized with the Yoast SEO plugin v26.9 - https://yoast.com/product/yoast-seo-wordpress/ -->
<title>Sal Nevez-Amzer - Ti ar Vro Bro Gwened</title>
<meta name="description" content="Vous recherchez des salles à louer au centre-ville de Vannes ? Ti ar vro propose des salles des réunions et un amphithéâtre de 200 places. Contactez-nous !" />
<meta name="robots" content="index, follow, max-snippet:-1, max-image-preview:large, max-video-preview:-1" />
<link rel="canonical" href="https://tiarvro-bro-gwened.bzh/br/salle/sal-nevez-amzer/" />
<meta property="og:locale" content="en_US" />
<meta property="og:type" content="article" />
<meta property="og:title" content="Sal Nevez-Amzer - Ti ar Vro Bro Gwened" />
<meta property="og:description" content="Vous recherchez des salles à louer au centre-ville de Vannes ? Ti ar vro propose des salles des réunions et un amphithéâtre de 200 places. Contactez-nous !" />
<meta property="og:url" content="https://tiarvro-bro-gwened.bzh/br/salle/sal-nevez-amzer/" />
<meta property="og:site_name" content="Ti ar Vro Bro Gwened" />
<meta property="article:modified_time" content="2020-09-03T14:52:54+00:00" />
<meta property="og:image" content="https://tiarvro-bro-gwened.bzh/wp-content/uploads/2020/06/Salle-Nevez-Amzer-1-scaled.jpg" />
	<meta property="og:image:width" content="2560" />
	<meta property="og:image:height" content="1381" />
	<meta property="og:image:type" content="image/jpeg" />
<meta name="twitter:card" content="summary_large_image" />
<script type="application/ld+json" class="yoast-schema-graph">{"@context":"https://schema.org","@graph":[{"@type":"WebPage","@id":"https://tiarvro-bro-gwened.bzh/br/salle/sal-nevez-amzer/","url":"https://tiarvro-bro-gwened.bzh/br/salle/sal-nevez-amzer/","name":"Sal Nevez-Amzer - Ti ar Vro Bro Gwened","isPartOf":{"@id":"https://tiarvro-bro-gwened.bzh/br/#website"},"primaryImageOfPage":{"@id":"https://tiarvro-bro-gwened.bzh/br/salle/sal-nevez-amzer/#primaryimage"},"image":{"@id":"https://tiarvro-bro-gwened.bzh/br/salle/sal-nevez-amzer/#primaryimage"},"thumbnailUrl":"https://tiarvro-bro-gwened.bzh/wp-content/uploads/2020/06/Salle-Nevez-Amzer-1-scaled.jpg","datePublished":"2020-07-22T11:12:30+00:00","dateModified":"2020-09-03T14:52:54+00:00","description":"Vous recherchez des salles à louer au centre-ville de Vannes ? Ti ar vro propose des salles des réunions et un amphithéâtre de 200 places. Contactez-nous !","breadcrumb":{"@id":"https://tiarvro-bro-gwened.bzh/br/salle/sal-nevez-amzer/#breadcrumb"},"inLanguage":"br-","potentialAction":[{"@type":"ReadAction","target":["https://tiarvro-bro-gwened.bzh/br/salle/sal-nevez-amzer/"]}]},{"@type":"ImageObject","inLanguage":"br-","@id":"https://tiarvro-bro-gwened.bzh/br/salle/sal-nevez-amzer/#primaryimage","url":"https://tiarvro-bro-gwened.bzh/wp-content/uploads/2020/06/Salle-Nevez-Amzer-1-scaled.jpg","contentUrl":"https://tiarvro-bro-gwened.bzh/wp-content/uploads/2020/06/Salle-Nevez-Amzer-1-scaled.jpg","width":2560,"height":1381,"caption":"Sal Nevez-Amzer da feurmiñ e kreiz-kêr Gwened (foto 1)"},{"@type":"BreadcrumbList","@id":"https://tiarvro-bro-gwened.bzh/br/salle/sal-nevez-amzer/#breadcrumb","itemListElement":[{"@type":"ListItem","position":1,"name":"Degemer","item":"https://tiarvro-bro-gwened.bzh/br/"},{"@type":"ListItem","position":2,"name":"Salioù","item":"https://tiarvro-bro-gwened.bzh/br/salle/"},{"@type":"ListItem","position":3,"name":"Sal Nevez-Amzer"}]},{"@type":"WebSite","@id":"https://tiarvro-bro-gwened.bzh/br/#website","url":"https://tiarvro-bro-gwened.bzh/br/","name":"Ti ar Vro Bro Gwened","description":"Entente du Pays de Vannes","publisher":{"@id":"https://tiarvro-bro-gwened.bzh/br/#organization"},"potentialAction":[{"@type":"SearchAction","target":{"@type":"EntryPoint","urlTemplate":"https://tiarvro-bro-gwened.bzh/br/?s={search_term_string}"},"query-input":{"@type":"PropertyValueSpecification","valueRequired":true,"valueName":"search_term_string"}}],"inLanguage":"br-"},{"@type":"Organization","@id":"https://tiarvro-bro-gwened.bzh/br/#organization","name":"Ti ar Vro Bro Gwened","url":"https://tiarvro-bro-gwened.bzh/br/","logo":{"@type":"ImageObject","inLanguage":"br-","@id":"https://tiarvro-bro-gwened.bzh/br/#/schema/logo/image/","url":"https://tiarvro-bro-gwened.bzh/wp-content/uploads/2020/04/cropped-LOGO-COULEUR-0200.png","contentUrl":"https://tiarvro-bro-gwened.bzh/wp-content/uploads/2020/04/cropped-LOGO-COULEUR-0200.png","width":199,"height":99,"caption":"Ti ar Vro Bro Gwened"},"image":{"@id":"https://tiarvro-bro-gwened.bzh/br/#/schema/logo/image/"}}]}</script>
<!-- / Yoast SEO plugin. -->

Vous recherchez des salles à louer au centre-ville de Vannes ? Ti ar vro propose des salles des réunions et un amphithéâtre de 200 places. Contactez-nous !

Sal Nevez-Amzer da feurmiñ e kreiz-kêr Gwened (foto 1)

Salioù
